*3 + m*s + 0*s**2 - 1/12*s**4. Give t(3).
0
Let i(o) be the third derivative of o**6/120 + 2*o**5/15 + o**4/3 + 5*o**3/3 + 38*o**2 + 10. Let m be (-37)/5 - 4/(-10). Give i(m).
3
Let b(w) = -2*w**2 - 5*w + 6. Suppose -2*h = 5*u - 45, 4*u - 23 = -3. Let r be (-5)/h - (-9)/(-2). Calculate b(r).
-19
Let f(b) = -b**3 - 6*b**2 - 3*b + 3. Let g(z) = 6*z**3 + 31*z**2 + 15*z - 14. Suppose 4*w - 5 = 3. Let y(s) = w*g(s) + 11*f(s). Calculate y(4).
-7
Suppose 250 = -0*u + 10*u. Let y(k) = u + 3*k - k - 25. What is y(2)?
4
Let l(x) be the first derivative of 2*x**2 - 3*x - 7 + 1/3*x**3. Give l(-5).
2
Let c(h) be the third derivative of -h**6/24 - h**5/60 + h**4/12 - h**3/6 - 4*h**2 - 26. Let g = 3 + 0. Suppose g*n - 2 = n. What is c(n)?
-5
Let h(n) = -5*n + 8. Let w(m) = 14*m - 23. Let p(v) = 11*h(v) + 4*w(v). Let j be p(2). Let x(a) = 4*a + 2. What is x(j)?
-6
Suppose -26 = -8*t + 4*t + 2*b, 3*b + 33 = 5*t. Let c(z) = -9*z + z**2 + 4*z - 6 - 2*z**2 - 3*z**2 + 5*z**2. Determine c(t).
0
Let p(v) = v**2 + 6*v + 5. Let z(d) = d**2 - 7*d - 9. Suppose a + 2*a = 24. Let f be z(a). Let h = f + -4. Calculate p(h).
0
Suppose -2*b = -3*j + j, -36 = 4*b + 5*j. Let k = 7 + b. Let r(g) = 2*g + 4*g**k - 3*g**3 + 4*g - 6*g**2 - 5. Calculate r(5).
0
Suppose -4*b = -17*b - 26. Let d be -9*2*(-1)/6. Let x(k) = -2*k**2 - 33 + 35 + 2*k - 2*k**d + k**3. Determine x(b).
-2
Let d(l) be the second derivative of l**5/20 + l**4/12 + l**3/6 + 4*l**2 + 2*l. Let t be d(0). Let r(i) = i + 3. Give r(t).
11
Let z = 135 - 134. Suppose 2*b = -z - 5. Let i(n) = 2*n**2 + 1. Give i(b).
19
Let u(y) = -y**2 - 7*y + 21. Let r be 3/(1/(-9)*3). Give u(r).
3
Let p = -2263 + 2268. Let d(v) = v**2 - 3*v - 12. Calculate d(p).
-2
Let x(n) = -n**2 - 6*n + 3. Let p(d) = 10*d**2 + d - 2. Let h be p(2). Suppose 2*w + 3*w = h. Suppose 0 = 5*f - w*f - 18. What is x(f)?
3
Suppose -1 = -3*i + 35. Suppose -7 + i = -n. Let y(k) = k**2 + 4*k + 3. Determine y(n).
8
Let g(u) = u**3 - 6*u**2 + 4*u - 1. Let d be 1 + 136/(-85)*5/(-2). What is g(d)?
-6
Let v(m) = -3*m + m**2 + 0*m**2 + 2*m + m**3. Let x = 943 + -943. Calculate v(x).
0
Let l(h) = -2*h - 2. Let v(m) = -m**2 + 8*m - 7. Let y be v(7). Let j(a) = 2*a**2 - 3 + y*a**2 + 2 + 3 + 3*a. Let q be j(-2). Calculate l(q).
-10
Let w(l) = -8*l. Let m = -171 + 168. Calculate w(m).
24
Let f(c) = -8*c**3 + 1. Let i = 41 + -34. Suppose 0 = -4*d + 3 - i. Calculate f(d).
9
Let g = -3 + 1. Let j(c) = 2*c**2 + 2*c - 1. Let r be j(g). Let u(w) = -6*w**2 + 0*w**2 - 3*w - w**3 + r*w**2 - 1. What is u(-2)?
1
Let t(x) = -x - 1. Let p(y) be the first derivative of y**3/3 - 5*y**2/2 + 10*y - 4. Let a be 1/(-2) - (-1)/(-2). Let u(c) = a*p(c) - 3*t(c). Calculate u(6).
5
Let k(h) = 32*h**3 + 2*h**2 - 2*h + 1. Let a = -112 + 113. Give k(a).
33
Let a(v) = 1 - 3*v + 2 - 6 + 4. Let o(d) = -d**2 - 5*d - 4. Let p be o(-3). Let z be -2*((p - 3) + 0). Give a(z).
-5
Let i(l) = -l**2 + l - 1. Let f(r) = -2*r**3 - 9*r**2 - 7*r - 10. Let q be f(-4). Let d(o) = 10*o**2 + 1. Let j(h) = q*i(h) + d(h). Calculate j(1).
9
Let i(v) = v - 2. Let m(g) = g + 11. Let d(q) = -i(q) - m(q). Give d(-7).
5
Let f(r) = -6*r + 0*r + 51*r**2 - 23*r**2 + 3 - 21*r**2 - r**3. Give f(4).
27
Let q(l) = l**2 + l - 8. Suppose -2*b = 7 - 3. Let y be (-4)/(-3)*3/b. Let w be 0/(y/2 + 0). What is q(w)?
-8
Let r be (-2)/1 + 2 + -14. Let n be (r - -5)*4/(-3). Suppose -11*c + 15*c - n = 0. Let d(o) = o**2 - 3*o. Give d(c).
0
Let o(r) = 3*r - 17. Let q(j) = 10*j - 53. Let u(g) = -7*o(g) + 2*q(g). Determine u(10).
3
Let m be ((234/(-42))/(-13))/(3/42). Let g(h) = -h**3 + 7*h**2 - 2*h - 5. What is g(m)?
19
Let v(c) = -2*c + 4*c - 6*c**2 - 3*c. Let l(a) be the second derivative of -13*a**3/6 + 85*a**2 - a + 7. Let j be l(13). Determine v(j).
-7
Suppose 3*b = -3, -3*b + 1 = -2*n + 4. Let c(h) = n + 6 - h**2 - 1 + 2*h**2. Let q = -424 - -424. Give c(q).
5
Let b = -9 + 14. Let w(t) = 3*t**3 - 6*t**2 + 5*t + 4. Let g(x) = -7*x**3 + 12*x**2 - 11*x - 8. Let v(s) = 2*g(s) + 5*w(s). Calculate v(b).
-6
Suppose -356*k + 45 = -361*k. Let n(g) = g**3 + 10*g**2 + 7*g - 3. Determine n(k).
15
Let t(r) = 6 + 6*r - 3 - 4 - 2. Let l be t(-2). Let o be (-4)/10 + (-21)/l. Let i(b) = -18*b**3 - b**2. Calculate i(o).
-19
Let u(z) = 12*z - 1. Let m(g) = -11*g + 1. Let o(w) = -4*m(w) - 3*u(w). What is o(-1)?
-9
Let g = -22 - -20. Let x(d) = -d**2 + 4*d + 1. Let r(q) = 6*q**2 - 21*q - 5. Let k(s) = -s - 2. Let t be k(-4). Let y(w) = t*r(w) + 11*x(w). What is y(g)?
1
Let l(s) = -s**3 - 4*s**2 + 3*s - 5. Let h be l(-5). Let v(q) = -q - h - 4 + 2 + 4. Suppose -o - 6*i - 16 = -2*i, 0 = 3*o - i - 17. What is v(o)?
-7
Let k(x) = -x**2 + 3*x - 4. Suppose 31*m = 30*m + 6. Let l be 28/(-42) - (-34)/m. What is k(l)?
-14
Let b be 3*4/3 + -2. Let x(g) = 30 - 29 - g**2 + b*g**2. What is x(4)?
17
Let w(r) be the third derivative of r**8/6720 + r**7/840 + r**6/240 + r**4/4 + 22*r**2. Let c(z) be the second derivative of w(z). Give c(-2).
-2
Let m(t) = t**2 - 13*t - 6. Let d(z) = -6*z - 29. Let w be d(-7). Determine m(w).
-6
Suppose 4*b + 22*h - 14 = 20*h, 0 = 2*b - 2*h - 4. Let p(r) = 3*r - 3. What is p(b)?
6
Let p(z) = -z**3 + 4*z**2 - 2*z - 2. Let x(b) = b + 11. Let n be x(-9). Let i be p(n). Let c(t) = -1 - t**3 + t - 5*t**2 + t + 8*t - i*t. What is c(-6)?
-13
Let u be (2/(-6))/((-407)/198 - -2). Let q(k) = -4*k + 9. Calculate q(u).
-15
Let v = 6 - 4. Let j(h) = -v*h - 2*h**3 + 5*h**2 - 3*h**2 + 3*h**2. What is j(3)?
-15
Let y(u) = 171*u - 3*u**2 - 3 + 168*u - 470*u + 149*u + 2*u**2. Calculate y(14).
53
Let p(u) be the third derivative of u**5/60 - 13*u**3/6 - 4*u**2 + 1. Give p(4).
3
Let j = -40 - -59. Let q(a) = a**2 + 19 - 2*a - 43 + j - 4*a. What is q(5)?
-10
Let b(v) = -9 + 9 - v**2. Let z(k) = -3*k**2 - k. Let w(q) = -2*b(q) + z(q). Let f(d) = d**2 - d - 12. Let c be f(4). Give w(c).
0
Let v(r) = r**3 + 209 + 0*r**3 - 209 - 2*r - 7*r**3 + r**2. What is v(1)?
-7
Let g(u) = -2 + 23*u + 16*u - 38*u. Give g(4).
2
Let u(c) = -2*c**2 - 2*c + 2. Suppose -2*h - h + 87 = 0. Suppose 19 - h = 5*k. What is u(k)?
-2
Let h(f) = -58 + 16 + f + 30. Let i(z) = -z**2 - z + 7. Let r be i(0). Calculate h(r).
-5
Suppose -1 - 1 = -2*h. Suppose h - 5 = -4*r. Let w(y) = 8*y + 4. Let s(x) = x. Let k(t) = r*w(t) - 6*s(t). What is k(-6)?
-8
Let t = -10 + 7. Suppose 0*b = -3*b - 12. Let m be (t + 3)*(-2)/b. Let z(y) = y**3 - 10. Calculate z(m).
-10
Let f(u) be the first derivative of 5 + u + 1/3*u**3 - 3/2*u**2. Let d = -33 + 37. Give f(d).
5
Let y(i) = -37*i**2 - 2*i**3 - 3*i**3 + 37*i**2 - 3*i**3. Calculate y(1).
-8
Let i(c) = 36 - 74 + 28 + 6*c**2 - c**3 - 14*c**2. Determine i(-8).
-10
Let h(z) = -z**2 - 2*z + 1. Suppose -2 = -7*g + 8*g - v, 5*g - 2*v = -10. What is h(g)?
1
Let l(x) = x**2 - 2*x + 1. Suppose 0 = -z - 3*z + 112. Let p = 30 - z. Calculate l(p).
1
Let s(j) = -8*j**3 - 3*j**2 - 12*j + 27. Let u(m) = 7*m**3 + 2*m**2 + 11*m - 24. Let f(i) = 6*s(i) + 7*u(i). Let d = -2 + 6. Calculate f(d).
14
Let v be 1*(2 + 2*-1). Let g(z) = -14*z**3 - 3*z**2 + 71*z + 14. Let w(a) = -5*a**3 - a**2 + 25*a + 5. Let p(n) = -6*g(n) + 17*w(n). Calculate p(v).
1
Suppose -11*f = 4*k - 7*f - 12, -4*k - 5*f = -15. Let i(t) = t**2 - 2*t - 2. Determine i(k).
-2
Let q(a) = 2*a. Let y = -18 - -14. Let r(b) = 1. Let f(h) = y*r(h) - q(h). Determine f(-6).
8
Let p(b) = -b**2 + 15*b - 5. Let f be p(0). Let o(k) = -k - 3. Let v(h) = -1. Let s be ((-1)/3)/((-2)/6). Let r(a) = s*o(a) + 4*v(a). Give r(f).
-2
Let v(a) = -a**3 + a**2 - 3. Suppose 0 = q - 2*q. Suppose 4*i = -4*p, q*i = -4*p + i. What is v(p)?
-3
Let l(h) = -h - 17. Let s(z) = 9. Let n(d) = 3*l(d) + 5*s(d). Calculate n(-10).
24
Let o be (-2 + 6)*((-3)/(-6) - -1). Let t(p) = 57*p - 56*p - 15 + o. Determine t(12).
3
Let g(f) = -2*f + 2. Let m be g(-2). Suppose 0 = -5*h + 8*h - 6. Let a(k) = 11*k - 4*k - m + 35*k**h - 36*k**2. Give a(5).
4
Let f(d) = -d**2 - 8*d + 11. Let q be -10*-148*6/(-60). Let x = -157 - q. Give f(x).
2
Let w = 183 - 184. Let o = 17 + -8. Let k(r) = 2*r - o + 9. Calculate k(w).
-2
Let p be 1 + 7/(-21)*-18. Let y(a) be the first derivative of a**3/3 - 4*a**2 + 5*a - 1. Calculate y(p).
-2
Let f = -7 - -13. Let t(u) be the second derivative of -7/12*u**4 - 9/2*u**2 + 7/6*u**3 + 1/20*u**5 + 0 + 7*u. What is t(f)?
-3
Let m(b) = -6 - 69